 = 14*x**2 + x - 1. Suppose -4*i + 3*l - 15 = 0, 3*i - 6*l - 5 = -7*l. Suppose 5*v + 3*t = -i*t - 1, v + 3*t + 5 = 0. Calculate w(v).
14
Suppose -87*l + 88*l = -2. Let s be (-64)/(-6) - ((-6)/(-9) + l). Let d(k) = k**3 - 13*k**2 + 13*k + 2. Determine d(s).
14
Let x be 3 - 15/((-270)/(-36)). Let a(c) = -24*c + 9. What is a(x)?
-15
Let y(o) be the second derivative of -o**3/2 + 28*o**2 - 87*o + 3. Calculate y(0).
56
Let q = 2311 + -2299. Let i(j) = -j**3 + 12*j**2 - 4*j + 34. Determine i(q).
-14
Let a(v) be the third derivative of v**4/24 - v**3/3 - 2*v**2. Let o(r) = r**3 + 74*r**2 + 74*r + 81. Let d be o(-73). What is a(d)?
6
Let r(q) = -q**2 + 2*q + 2. Suppose -18 - 185 = 7*v. Let o be 3*(v/3 + (-5)/(-15)). Let j be 14/2*(-8)/o - -2. Calculate r(j).
-6
Let j(n) = 129*n + 128*n + 137*n - 5 - 375*n. Determine j(3).
52
Let y(m) be the second derivative of -2/3*m**4 + 4/3*m**3 + 1/20*m**5 - 4 + 0*m**2 + 7*m. Give y(7).
7
Let d(q) = -2*q**2 - 7*q - 5. Suppose -2*x = 268*r - 273*r - 12, -x = 4*r + 33. Give d(x).
-104
Let n(o) = -13 + 11*o**2 - 9*o + 109 - 44 - 11 - 14*o + o**3. Calculate n(-13).
2
Suppose -3*s = -5*x + 5 + 4, 5*s = 3*x + 1. Suppose -3*p - 3*g + 4*g + 8 = 0, 2*g = -s*p. Let c(y) = y**p - y + 0 - 6 - 5*y + 4. Calculate c(7).
5
Suppose -12*o + 10*o - 20 = 6*x, 2*x + 89 = -5*o. Let w(k) = k**2 + 16*k - 61. Give w(o).
-4
Let o = 47689/12 + -3974. Let x(h) be the second derivative of 7/6*h**3 - o*h**4 + 0 - 1/2*h**2 + 19*h. Determine x(6).
5
Let k(d) = -d**2 - 10*d - 10. Suppose -5*v + 11*g = 15*g - 195, 2*v + g = 78. Suppose 19 = -p - 5*l - 13, 5*l + v = -2*p. Determine k(p).
11
Let o(x) = 40*x + 1 - 10*x - 7*x - 25*x. Calculate o(-4).
9
Let l(t) be the second derivative of 3*t**4/4 + 31*t**3/3 - 17*t**2/2 - 6568*t. Give l(-7).
-10
Let a(h) = -h**3 - 6*h**2 + 6*h + 3. Let r be (-2 - 60/(-9))*(-549)/366. Calculate a(r).
10
Let o(p) be the third derivative of 5*p**4/12 - 65*p**3/6 + 10887*p**2. Determine o(9).
25
Let f(y) = 7*y - 77. Let h be f(12). Let w(r) = -8*r**2 + 26 + r**3 - 57 + 25 + 7*r. Calculate w(h).
-6
Let a(m) be the third derivative of m**6/120 - 11*m**5/60 + 37*m**4/24 - 175*m**3/6 + 140*m**2 + m. Give a(9).
-4
Let x(c) = 98 - 154*c + 150*c - 107. What is x(-1)?
-5
Let m be (-60)/(-9) + 4/(-6). Suppose -p + 4 = -5*p, 3*p - 7 = -5*t. Let o(s) = m*s**t - 4*s**2 + 6*s**2 + s**3 - 10*s - 13. Give o(-9).
-4
Let v(j) = -2*j**3 + j**2 + 1. Let p(i) = -24*i - 4078. Let o be p(-170). Suppose -1 + 3 = 2*h. Suppose h = -o*c + 5. Calculate v(c).
-11
Let t be (3/(-24))/((-11)/528). Let u(b) = b**3 - 7*b**2 + 15*b - 53. Calculate u(t).
1
Suppose -7*l - 4*l + 55 = 0. Let t(b) = -4*b**2 - 8*b**3 + l*b**2 - 19*b + 17*b + 1. Calculate t(1).
-8
Let s(m) = -7*m - 77. Let n(c) = 8*c + 77. Let l(w) = -2*n(w) - 3*s(w). Determine l(-16).
-3
Suppose 133 = 3*r - 4*w + 2*w, 3*r = -3*w + 138. Let c be r/20*(-8)/(-6) + -10. Let i(k) = -3*k - 17. Determine i(c).
4
Let t(w) = -3*w + 169. Let k(a) = -4*a + 242. Let p(y) = -10*k(y) + 14*t(y). Give p(-22).
-10
Let u(r) = -7*r + 10. Suppose 34*t - 31*t = 5*n + 30, 4*n + 36 = 0. Calculate u(t).
45
Suppose 3*m + 3 = -0, s + 3*m + 7 = 0. Let c(k) be the second derivative of 1/2*k**2 - 1/3*k**4 - 5*k - 1/20*k**5 + 0 + 1/6*k**3. Give c(s).
-3
Let b(h) = 16658*h + h**2 + 101 - 56 - 16620*h + 66. What is b(-35)?
6
Suppose 5*h = -3*x - 67 + 70, 3*h + 4 = 4*x. Let f(a) be the second derivative of -1/2*a**2 + 1/4*a**4 + 1/6*a**3 + a + 0. Give f(x).
3
Let z(q) = 7*q + 54. Suppose -3*d = 5*t + 77, -20*t + 22*t + 14 = 0. Give z(d).
-44
Let d(a) = 17*a**3 + 10*a**2 + 11*a - 4. Let p(h) be the second derivative of -3*h**5/20 + h**2/2 - 2*h + 24. Let i(r) = d(r) + 6*p(r). Calculate i(11).
2
Let o(m) = m**2 + 13*m - 1. Let k(t) = -2*t**3 - 17*t**2 + 2*t - 74. Let c be k(-9). Give o(c).
-23
Let i(h) be the first derivative of -3*h**2/2 - 8*h - 343. What is i(-3)?
1
Let m(a) = -15*a**2 - a + 1. Suppose 52 = -7*f - 53. Let u be (-50)/125 + ((-51)/f - 2). Determine m(u).
-15
Suppose -31 = 5*g - b, -4*g + 11*b - 10*b - 24 = 0. Let u be ((-1)/2)/(4/(-16)). Let a(l) = u*l - l**2 + 1 - 6*l + 6. What is a(g)?
-14
Let l(g) = -3*g + 1. Suppose 36 = 58*w - 52*w. Let h = -8 + 8. Suppose -4*y + v + 5 = h, -v + w = 4*y - 3*v. Calculate l(y).
-2
Let w(d) be the third derivative of 28*d**2 + 1/4*d**4 + 0*d + 2 - 1/3*d**3. Determine w(6).
34
Let y(s) = -4*s**2 - 2*s + 2. Suppose -516 = -5*l + 564. Suppose -l*h = -209*h - 7. Give y(h).
-4
Suppose 18*r - 20*r = -3*z - 19, 0 = 6*r + 3*z - 21. Let w(u) = -2*u**2 + 10*u + 2. Determine w(r).
2
Let q(p) be the second derivative of 1/12*p**4 + 0 + 0*p**2 - 1/2*p**3 - 1/60*p**5 - 7*p. Let v(j) be the second derivative of q(j). Give v(-3).
8
Suppose 7*k - 20 = 3*k. Let v(i) = i + 2. Let d(o) = -3*o - 19. Let j(c) = k*v(c) + d(c). Calculate j(4).
-1
Let r(i) = -5*i + 6*i + 6*i - 13*i + 10. Calculate r(6).
-26
Let v(w) be the third derivative of -w**4/24 - w**3 + 16*w**2. Let h be v(-9). Suppose 2*m - 6 = 2*o, -h*m + 0*o + 5 = -4*o. Let x(p) = -3*p + 10. What is x(m)?
-11
Let j(s) = -5*s**2 - 11*s + 7. Let k(t) = 9*t**2 + 14*t - 8. Let x(q) = -5*j(q) - 4*k(q). Give x(2).
-49
Let r(b) = -30*b**2 + 11*b + 73. Let t(q) = -4*q**2 + q + 9. Let y(a) = -2*r(a) + 17*t(a). Give y(1).
-6
Suppose -a + 6*a + 35 = 0. Let h(o) = -7*o + 2. Let f be h(0). Let i(g) = 6 - 17 + g - f*g + 7. What is i(a)?
3
Let l(m) = 22*m**2 + 3*m - 4. Let x(c) = -21*c**2 - 2*c + 3. Let o(n) = -2*l(n) - 3*x(n). Let y be (-7)/(-5) + (-464)/(-40) + -12. What is o(y)?
18
Let n(f) be the first derivative of 6*f**2 + 4/3*f**3 + 9*f - 1/12*f**4 - 4. Let h(y) be the first derivative of n(y). Calculate h(9).
3
Let n(u) = -4*u - 2 - u + 6*u. Suppose -4*l + 15 = k, -3*l - l + 2*k = -18. Give n(l).
2
Suppose -11*z - 25 = 41. Let h(s) be the second derivative of -s**3/6 + s**2/2 - 9*s. Calculate h(z).
7
Let m(l) be the first derivative of 4*l**3/3 - l**2 - 2*l + 1. Let a = 71 + 234. Let r = -303 + a. What is m(r)?
10
Suppose p + 4*v + 8 = 0, 3*v = -3*p - 0 + 3. Let l(j) be the second derivative of 9*j - j**2 - 1/3*j**3 + 0 - 1/2*j**p - 1/20*j**5. Calculate l(-5).
-17
Suppose 126 = -11278*j + 11320*j. Let z(r) = -2*r**3 - r**2 - 4*r + 7. Calculate z(j).
-68
Let l(w) be the second derivative of w**5/20 + 6*w + 22. Let z(k) = k + 12. Let h be z(0). Suppose 4*j - 2 = -3*u, 2*j - 5*u + h + 0 = 0. What is l(j)?
-1
Let s(c) = 81*c + 7. Let u(j) = -21*j + 1. Let q(z) = s(z) + 4*u(z). Let t be 30/20*16/6. Give q(t).
-1
Let c(t) = -8*t**3 + t**2 - t - 1. Let r(m) = -70*m**3 + 8*m**2 - 6*m - 7. Let a(s) = -7*c(s) + r(s). What is a(-1)?
14
Suppose -69*f = -27*f + 126. Let v be (-1 + 60/36)/(2/f). Let y(n) = 27*n**2 - 2*n - 5. Let x(c) = 14*c**2 - c - 3. Let i(d) = -5*x(d) + 3*y(d). Determine i(v).
12
Let u(f) = 5*f - 5. Let r = -66 - -66. Let z be ((-56)/16)/(-7)*(8 + r). Calculate u(z).
15
Let n(z) = -11258 - 5*z + 5624 + 2*z + 5626. What is n(4)?
-20
Let r(y) be the first derivative of -y**4/4 + 13*y**3/3 + 3*y**2/2 - 14*y + 2890. What is r(13)?
25
Let s(z) = z**2 + 19*z - 11. Let a = 13527 + -13547. What is s(a)?
9
Let q(s) = -s**3 - 3*s**2 + 2*s + 1. Let j be q(-3). Let y(d) = -7 - 1197*d + 389*d + d**2 + 405*d + 407*d. What is y(j)?
-2
Let f(d) = -7*d**3 + d**2 - 7*d - 6. Let w(z) = -z**3 - 4*z + 4*z - z - 1. Let p(y) = f(y) - 6*w(y). Let o = -43 - -44. Determine p(o).
-1
Let d = 5 - -19. Let r be d/(-4) - (-3)/1. Let q be -1 + r + -11 + 10. Let m(i) = i - 7. Calculate m(q).
-12
Let j = 625 + -620. Let b be j + (5 - 15) - (1 + -8). Let x(q) = -10*q**2 + 4*q - 2. Give x(b).
-34
Let g(k) = -k**3 + 3*k**2 + 6*k - 3. Suppose -320 = -23*p + 18*p. Suppose -44 = -27*w + p. What is g(w)?
5
Let b(m) = -m**2 + 10*m - 12. Let w = 0 + -4. Let r be 5 + (8 - w/(-8)*6). What is b(r)?
-12
Suppose -2*q + 5*c + 20 = -0*c, c = -2. Let m(l) = 8*l + 10. Let u(j) = -7*j - 7. Let b(o) = q*m(o) + 6*u(o). Calculate b(4).
0
Let n be 20*(-2)/(-5)*(-10)/(-16). Suppose 0*b - f = 4*b, -5*b + n*f - 25 = 0. Let d(m) = -14*m**3 - m**2 + 1. Give d(b).
14
Suppose 3 - 23 = 5*t. Let n(w) be the third derivative of 1/20*w**5 - 1/12*w**4 + 0*w + 35*w**2 + 1/120*w**6 + 1/3*w**3 + 0. What is n(t)?
-6
Let b(w) = -3*w - 3. Let k = 36 + -23. Let g(n) = n**2 - 12*n - 13. Let p be g(k). Suppose d 